5*j**3 - j**2 - 3. Let p be ((-8)/(-12))/(1*4/12). List the prime factors of n(p).
193
Suppose 0 = 7*g - 6590 - 5191. What are the prime factors of g?
3, 11, 17
Let x = 507 - 274. Suppose 2*u - x = u. What are the prime factors of u?
233
What are the prime factors of (12/24)/(4 - 44327/11082)?
3, 1847
Suppose 1842 = 4*g + 5*j - 2664, 4*g = -2*j + 4512. What are the prime factors of g?
1129
Let b be ((-5)/(-2) + -2)/((-1)/(-4)). What are the prime factors of ((-6)/(-2))/(b/38)?
3, 19
Let a(v) = 19*v + 41. What are the prime factors of a(16)?
3, 5, 23
Let z = 14 - 11. Suppose 5*m = 2*a - 33, -4*m + 4*a = 2*a + 26. List the prime factors of 0 - 0 - z - m.
2
Suppose 4*i + 25 = 9*i. Suppose 8 = 4*q, -369 = i*l - 4*q - 1036. List the prime factors of l.
3, 5
Suppose -z - 1882 = -c, -32*c + 4*z = -35*c + 5625. What are the prime factors of c?
1879
What are the prime factors of (-9)/(-6) - 2*115037/(-52)?
2, 2213
Suppose 2*p - 8 = 12. Suppose -p*a + 15*a - 90 = 0. List the prime factors of a.
2, 3
Let s = 4534 + -3003. What are the prime factors of s?
1531
Suppose -3*n - 695 = -5*z, 50*z - 441 = 47*z - 3*n. List the prime factors of z.
2, 71
Let g = 974 + -470. What are the prime factors of g?
2, 3, 7
Let n(k) = 4*k + 0*k - 3 + k**2 + 9. Let t(b) = -b**3 + 23*b**2 + 22*b + 42. Let d be t(24). List the prime factors of n(d).
2, 3
Let y(g) = -8*g - 14. Suppose 6*u - 5*u + 5*i = -15, 4*u + 44 = -4*i. What are the prime factors of y(u)?
2, 3, 11
Let l(n) = 14 - 7*n + 4*n - 3 + 0*n. List the prime factors of l(-9).
2, 19
Suppose -4 = 3*a + 2, -q + 344 = -5*a. What are the prime factors of q?
2, 167
Suppose -18*q + 15*q = -9522. What are the prime factors of q?
2, 3, 23
List the prime factors of (-706156)/(-605) - 1/5.
3, 389
Let i(r) = -r**2 - 37*r - 45. Let h be i(-25). Suppose 5*z - 1326 = -3*t, 3*z - 2*z - h = -4*t. List the prime factors of z.
3, 89
Suppose 2*z - 3 = 5. Suppose -z*d - 45 + 125 = 0. Suppose 5*p - 9*p = -d. What are the prime factors of p?
5
Let t(l) = 14*l - 32. Let g be t(-13). What are the prime factors of 2 + g/(-8) + (-3)/(-12)?
29
Suppose -m = -4*n - 1964, 59*m - 56*m + 4*n = 5908. List the prime factors of m.
2, 3, 41
Suppose 425*l - 6390 = 419*l. What are the prime factors of l?
3, 5, 71
Let q = -40 - -62. Let g = 97 - q. Suppose 7*y - g = 4*y. What are the prime factors of y?
5
Let o(c) = -c**2 - 3*c**2 - 2*c + 7 - 6. Let j(v) = -3*v**2 - v + 1. Let u(t) = -3*j(t) + 2*o(t). What are the prime factors of u(4)?
11
Suppose 26*i = 32*i - 3468. Suppose h + k = 3*k + 202, 0 = -3*h - k + i. List the prime factors of h.
2, 97
Suppose 5*c - 1570 - 420 = 3*i, 796 = 2*c + 3*i. List the prime factors of c.
2, 199
Let x be (-54)/(3/(-6)*-2). Let v be (0 - 2)/((-9)/x). List the prime factors of (8/v)/(4/(-240)).
2, 5
Let z(p) = -p**2 - 17*p + 7. Let q be z(-9). Let j = q + -1. What are the prime factors of j?
2, 3, 13
Suppose -4*s - 2322 + 19498 = -4*r, 5*s + 4*r = 21506. List the prime factors of s.
2, 7, 307
Let m(g) = 15*g**2 + 8*g + 3. Let u = 23 + -22. Let r = -1 - u. What are the prime factors of m(r)?
47
Let b = 177 - 86. Suppose 3*m + 5*o = 124, m - b = -m - 5*o. Let v = -22 + m. What are the prime factors of v?
11
Let s = 2123 - 1535. What are the prime factors of s?
2, 3, 7
Let x(m) = m**2 - m - 8. Let k be x(7). Suppose -w = w - k. Let q = w - 13. List the prime factors of q.
2
Let g(n) = -21*n**2 + 17*n - 15. Let v(f) = 10*f**2 - 8*f + 7. Let a(u) = -6*g(u) - 13*v(u). Let h be a(1). What are the prime factors of h/2*520/(-15)?
2, 13
Suppose 14*f - 12*f - 30 = 0. What are the prime factors of f?
3, 5
Let r(x) = x**3 - 5*x + 2. What are the prime factors of r(8)?
2, 3, 79
Suppose -n = 7*i - 2*i - 4196, 0 = -n - 4. What are the prime factors of i?
2, 3, 5, 7
Let q(j) = -21*j - 44. What are the prime factors of q(-6)?
2, 41
Suppose 4*i - 4*q = 560 + 2596, 12 = -3*q. List the prime factors of i.
5, 157
Suppose 0*m - 3 = -2*m - 5*t, -2*m + 9 = -t. Let r(l) = 6*l**2 - 8. List the prime factors of r(m).
2, 11
Let a(f) = f**2 + 11*f - 6. Let v be a(12). Suppose 2*n = x - 2*n - 44, -5*n + v = 5*x. What are the prime factors of x?
2, 13
Suppose -t = 157 + 29. Let x = 63 + t. Let i = 182 + x. What are the prime factors of i?
59
Suppose 7*q - 2*q = -5*v - 600, -q - 108 = 5*v. Let o = q + 217. What are the prime factors of o?
2, 47
Let w(t) be the second derivative of t**4/12 + t**3/2 - t**2/2 + 4*t. Let b be w(-6). Let c = b - 11. List the prime factors of c.
2, 3
Let o(z) = 15*z + 6. Let t be o(5). Suppose 4*l - 8 = 0, 2*m = -3*m + 2*l + 11. Suppose -2*u - 2*u + m*p = -t, 60 = 4*u + 4*p. What are the prime factors of u?
2, 3
Let x(f) = -f**3 + 7*f**2 - 2*f - 2. Let w be x(3). Suppose 0 = 33*h - w*h - 1140. What are the prime factors of h?
2, 3, 19
Let b be 376/11 - (-14)/(-77). Let j(a) = -14*a + 5. Let d be j(-3). Let z = d - b. What are the prime factors of z?
13
Suppose 4*n = -j + 14 - 2, 0 = 2*j + 2*n - 6. Let c = 4 + 1. Suppose -3*m + j + 16 = -2*z, -17 = -2*m - c*z. List the prime factors of m.
2, 3
Let a(p) = 427*p**2 - 8*p + 6. List the prime factors of a(1).
5, 17
List the prime factors of 3/(15/10) - 632/(-2).
2, 3, 53
Let z(o) = -o**2 + 6*o + 2. Let q be z(6). Let x be 57*1*2/6. Let n = x + q. What are the prime factors of n?
3, 7
Suppose 3*p + 3*v = 0, 0*p - 4*p - 28 = -3*v. Let m(q) = q + 4. Let u be m(p). Suppose -5*b = s + 2, 4*s + 2*b + 3*b - 7 = u. What are the prime factors of s?
3
Let w(u) = 48*u**2 + 80*u + 414. What are the prime factors of w(-5)?
2, 607
Suppose 11*v = 16*v - 225. Suppose -3*u - 81 = -4*l + 2*u, -v = -2*l + u. What are the prime factors of l?
2, 3
Let a(h) = 2*h**2 + 15*h + 8. Let u be a(-10). Suppose -3*c = -l - u, 2*c - 8 - 22 = 5*l. Suppose 4*g - 64 = c. What are the prime factors of g?
3, 7
Let d(h) = -h - 8. Let m be d(-4). Let j be 0 - (-2 - (-1212)/m). Suppose -3*y + 8*y - j = 0. List the prime factors of y.
61
Let c = 13 - 2. Suppose 25*z - 11 = 24*z - k, -3*z - 2 = -4*k. Suppose 4*b = z*b - 3*h - 25, b - h - c = 0. List the prime factors of b.
2
What are the prime factors of (-31661)/(-14) + 10/(-4)?
3, 251
Suppose -3*f + 0*f + 25 = 4*x, 0 = -5*f + 15. Suppose -8 = 4*z + o - 29, x*z + 5*o - 41 = 0. Suppose -u = z*u - 90. What are the prime factors of u?
2, 3
Suppose 22 = -4*u + b + 2*b, 4 = 2*b. List the prime factors of 69 - 3*u/3.
73
Suppose -10*b + 1296 = -2*b. Suppose -j + 77 = -3*a, -4*j + 2*a = -2*j - b. List the prime factors of j.
83
Let z be 24/42*(-7)/(-2). Let p(j) = 5*j**2 - 3*j**2 + 5*j + 0*j**2 - 3 - j**3 - 3*j**z. What are the prime factors of p(-4)?
5
Suppose -4*m + 4116 + 380 = 0. List the prime factors of m.
2, 281
Suppose 0*j = -4*j - 64. Let k be 20*(3 - (-36)/j). Let h = -10 + k. What are the prime factors of h?
5
Let c = 1173 - 837. Let f = 520 - c. List the prime factors of f.
2, 23
Suppose -5*t = -2*s - 50, 2*t = -5*s - 62 - 92. Let o = s + 39. What are the prime factors of o?
3
Let r(b) be the third derivative of -b**5/60 - b**4/3 + 2*b**3 - b**2. Let v be r(-9). Let k = 5 - v. List the prime factors of k.
2
Let i be 4/3*72/16. Suppose 2*z - 2*g = 4*z - i, 0 = -z + 5*g - 3. Suppose -b = -0*k - 2*k - 18, -b - z*k + 6 = 0. List the prime factors of b.
2, 3
Suppose 3*y + 5*t = 1329 + 1125, t = 0. List the prime factors of y.
2, 409
List the prime factors of -21*(-3)/9 - -18.
5
Suppose 7*j + 216 = -5*j. List the prime factors of ((-526)/j - -2) + 2/(-9).
31
Let x be (5/(-10) + -1)*-2. Suppose c - 5*h = 131, -x*c = 3*h + 197 - 680. What are the prime factors of c?
2, 3, 13
Let n = 69 + -67. Suppose 0 = -n*a + 10*a - 48. List the prime factors of a.
2, 3
Suppose 0 = -z + 4*i, 0 = -z + i + i. Suppose v + 4*s = 173, 63 = -2*v - 5*s + 403. Suppose z*q + v = 5*q. What are the prime factors of q?
3, 11
Let u(b) = -b**3 - 2*b**2 + 6*b + 24. List the prime factors of u(-4).
2
Let l(t) = t**3 - 7*t**2 + 7*t - 3. Let d = 19 - 13. Let h be l(d). Suppose -76 = -2*x + 3*y + 2*y, -3*y - 96 = -h*x. What are the prime factors of x?
2, 7
Suppose 4*y - 106 = 66. Let j = y + -24. Let g = j - -10. List the prime factors of g.
29
Let u(s) = -3*s**3 - 3*s - 3. Suppose -p - 10 = 4*p. Let l be u(p). Suppose -90 = -l*b + 24*b. What are the prime factors of b?
2, 3, 5
Let w(c) = 11*c + 146. List t